nd 512?
4
Suppose 2*s - 7144 = -4*x - x, 5*s = 5*x - 7130. Suppose 5*k - x = 2282. What is the greatest common factor of 14 and k?
14
Suppose -2*w + 4 = -w. Suppose 77*z - 27 = 50. What is the highest common divisor of w and z?
1
Let b be (10 - 14)*(-378)/56. Calculate the greatest common divisor of 441 and b.
9
Let f be (8/(-60) + (-117)/135)/((-2)/448). Calculate the greatest common divisor of f and 728.
56
Let f = 82 - 30. Let o = 70 - f. Suppose -2*v - 6 + o = 0. Calculate the highest common factor of 66 and v.
6
Let y = 114 - 87. Suppose -441 = -2*t + y. What is the greatest common factor of 18 and t?
18
Let u(x) = 21*x**2 - 5*x + 40. Let z be u(-12). What is the highest common divisor of z and 176?
44
Let u(x) = 6*x**2 - 19*x - 177. Let l be u(21). Calculate the greatest common factor of l and 180.
90
Let d = -236431 - -236569. Suppose -5*t + q + 119 = 0, 0*t = 3*t - 4*q - 85. What is the highest common factor of d and t?
23
Let b(f) = f**2 - 8*f + 3. Let p be b(8). Let x(a) = a**2 + 26*a - 223. Let r be x(-33). What is the greatest common divisor of r and p?
1
Suppose -350 + 43 = -4*f + 1317. What is the highest common factor of 154 and f?
14
Let p be 301/86*2/1. Suppose -2*j - 134 = -3*b, -230 = 2*b - p*b + 2*j. What is the greatest common divisor of b and 32?
16
Let d = -5 + 10. Let w(f) = -16*f + 143. Let q be w(8). Suppose d = -g + q. What is the greatest common factor of g and 50?
10
Let a(z) = -846*z + 3456. Let n be a(-6). What is the greatest common factor of n and 216?
108
Let w be -12 + 14/63 + (-821944)/(-36). What is the highest common divisor of 140 and w?
140
Let y = 16 - 12. Suppose 4*r + r - 23 = -y*j, -2 = -j. Suppose -1 = -4*p + r*p. Calculate the greatest common divisor of 8 and p.
1
Suppose -301562 = 5*w - 2*j, -9*w + 4*j = -14*w - 301556. Let f be 2 + (-24)/14 + w/(-196). What is the greatest common factor of 44 and f?
44
Suppose 2*x = 2*h + 56, -3*x = -8*x + 2*h + 128. Suppose 24 = 17*f - 9*f. Let d = 57 + f. What is the greatest common factor of d and x?
12
Let v = -399 + 496. Suppose 4*a = c - 30, 3*c - 23*a + 18*a = v. What is the greatest common factor of c and 374?
34
Suppose 2*i = -2*i + 432. Let p(c) = 6*c - 39. Let w be p(10). Suppose w*z - 299 = -47. Calculate the highest common factor of z and i.
12
Let b(g) = 52*g + 68. Let t be b(23). Calculate the greatest common factor of 12 and t.
4
Let j = -223 + 214. Let m be (-3)/j*(1 - (-3 - 32)). What is the greatest common factor of 3 and m?
3
Let w = 11814 - 11810. What is the highest common divisor of 2240 and w?
4
Let r = 71 + -52. Suppose 2*j = -3*m + 30, -41 = -4*j + 4*m + r. Let g be 9/4 + j/20. Calculate the highest common divisor of g and 39.
3
Let i be (-4430)/(-12) - 0 - 35/(-42). What is the greatest common divisor of i and 95?
5
Let o(z) = 80*z**3 - 18*z**2 - 6*z + 17. Let r be o(2). What is the greatest common factor of 6112 and r?
191
Let t = 82 + -45. Suppose 35*p = t*p - 86. Calculate the highest common divisor of 215 and p.
43
Let u(d) = 49*d**2 + d. Let x be u(-1). Let l = -56 + 58. Suppose 18 = f - s - 2*s, l*s - 8 = -f. Calculate the greatest common factor of f and x.
12
Suppose 4372 = 2*m + 4*d, -2*m + 2*d + 4269 = -85. Let l = 1085 - m. Let v be (-6)/21 + l/(-35) + -5. Calculate the highest common factor of v and 234.
26
Let h be -12 - 30*(-60)/12. What is the greatest common factor of 1702 and h?
46
Suppose 4*r = -3*v - 63, 0 = -0*v + 5*v - 15. Suppose 11*i = -208 - 353. Let q = r - i. Calculate the greatest common factor of q and 3.
3
Let t be 319/(-58)*(0 + -48). What is the highest common divisor of 1408 and t?
88
Suppose 398 - 2149 = -5*p - v, -4*p - 2*v = -1396. What is the greatest common divisor of p and 936?
117
Let r be ((-7)/(-1))/(1/95). Suppose -48 = 3*v - 15, -v + 1363 = 7*f - 4*v. Calculate the greatest common factor of f and r.
95
Suppose -3*f - 3 = -21. Suppose -f*u = -5*u - 77. Let i = u + -52. Calculate the greatest common divisor of 5 and i.
5
Suppose -1492 = -136*d + 2023 + 1381. Calculate the highest common divisor of d and 7680.
12
Suppose 8*i = 5*i + 3*u + 6, 0 = 3*u - 3. Suppose -2*j = -4*x + 174, -3*x + i*j + 113 = -16. Calculate the highest common divisor of 8 and x.
4
Let f(v) = 4*v**2 + 78*v - 32. Let h be f(-20). Suppose h*x + 92 = 100. Let n be 0 - 2*(-1 + -2). What is the highest common factor of x and n?
1
Suppose 57*m - 16 = 53*m, 0 = 3*i - 5*m - 55. Calculate the greatest common factor of 2350 and i.
25
Let r(a) = a**2 - 21. Let d = -113 - -120. Let t be r(d). Calculate the greatest common divisor of t and 196.
28
Let j(g) = -606*g**3 + 5*g**2 + 4*g + 2. Let w be j(-1). Calculate the highest common factor of w and 261.
87
Let g(d) be the second derivative of d**4/4 - 11*d**3/6 + d**2 + 21*d + 2. Let y be g(4). What is the greatest common divisor of 4 and y?
2
Let b = -16 + 18. Let o(c) = 0 + 33*c - 1 - 3 + 4*c. Let q be o(b). Calculate the highest common factor of 20 and q.
10
Suppose 0 = -3*h + 2*l + 28, 0*h + 4*l + 32 = 2*h. Let i = 10 - h. Let u be (-144)/156*(-2704)/156. What is the highest common factor of i and u?
4
Let x = -36748 + 36852. What is the greatest common divisor of x and 5161?
13
Suppose 11066 + 3559 = 65*g. Calculate the highest common divisor of g and 1005.
15
Let m = 8 - 5. Let d be (-8)/(-1) - (-1)/(m/9). Let w be (0 + d - 4) + 1. Calculate the greatest common divisor of w and 40.
8
Let d = -4378 + 4981. What is the greatest common divisor of 737 and d?
67
Let z = -145 - -177. Suppose -3*h = -0*h - 2*g - z, h = 5*g - 11. What is the highest common divisor of 126 and h?
14
Suppose 2*z - 47 = 3*w, -4*z - 39*w + 129 = -38*w. Calculate the greatest common factor of z and 3937.
31
Let u(y) = -244*y + 2630. Let a be u(10). Let z be (-20)/(-3)*(4 + -1). What is the highest common factor of a and z?
10
Let f be ((6510/(-150))/(-31))/((-3)/(-15)). Let t be (-2)/(-2) + -2 + 8. Calculate the greatest common factor of f and t.
7
Let i = 29 + -19. Suppose 4*s = 4*m, -5*m + 4*s - s = -i. Calculate the highest common factor of m and 335.
5
Let o be 9/(1 - 0/(-1)). Let z be 3*(-16 + 17 + (-638)/(-6)). Let j = z + -277. What is the highest common divisor of o and j?
9
Let s be 117/2 - 321/214. Calculate the highest common divisor of 475 and s.
19
Let k(i) = i**2 + 15*i + 17. Let w be k(-14). Suppose -w*q = 0, 5*x - 1185 = -7*q + 3*q. What is the highest common factor of 3 and x?
3
Let i be ((-29)/(406/28))/(1/(-2)). Suppose 0 = -3*r + 2*c + 3103, i*r = -c + 1987 + 2154. Calculate the greatest common factor of 15 and r.
15
Suppose 2 - 5 = -3*y. Let q be -5 + 9 + -3 + 5. Let r be (4 - y)*q - 0. Calculate the greatest common factor of r and 198.
18
Let o(i) = 2*i**2 + 2*i + 3. Let w be o(-1). Suppose 12*f = w*f + 81. Calculate the greatest common divisor of f and 33.
3
Let r = 4923 - 4934. Suppose 11 = -2*j + 3*f, j = 5*f - 16 - 0. Let m be j - (-11 - -1) - (-10 - r). Calculate the greatest common divisor of m and 4.
4
Let j be 36/45 + (-3348)/10. Let u = -47 - j. Suppose -12*s = -13 - u. Calculate the highest common factor of s and 50.
25
Let p(n) = n**2 - 30*n + 138. Let o be p(24). Let d be (2940/(-63))/(10/o + 1). What is the highest common factor of d and 40?
10
Let b(i) = 127*i - 39. Let l be b(1). Suppose 0 = -2*h - 1 - 7. Let d(j) = -7*j - 6. Let y be d(h). Calculate the highest common divisor of l and y.
22
Let j be (-2)/15 + (-119)/(-105). Suppose -2*r = -o + 61, -2*r - j = 7. What is the greatest common factor of 371 and o?
53
Suppose -949*k = -188*k + 189*k - 219450. Calculate the highest common divisor of k and 30261.
231
Let l(u) = -2*u + 52. Let z be l(25). Suppose -z*h = 0, -126 = -6*j + 3*j - h. What is the greatest common factor of j and 60?
6
Suppose -40*q + 18388 = 8628. What is the greatest common divisor of 1891 and q?
61
Suppose -10 = 2*f, -2*f - 2 = -0*y + y. Let p(t) = -92*t + 1. Let c be p(0). Calculate the highest common divisor of c and y.
1
Suppose 4*i = 5*f - 22, -4*f - i + 4*i = -17. Suppose r - f*d = -r + 232, 2*d = 5*r - 595. Let y = 15 + r. What is the highest common divisor of y and 17?
17
Let l be 2/18 - (-44)/9. Suppose -2*c + 168 = l*c. Let i(w) = w**2 + 240. Let t be i(0). What is the greatest common factor of c and t?
24
Suppose 3*a = 5*g + 117, a - 3*g + 0 